e prime factors of p.
2
Let w(z) = 2*z. Let i(y) = -y**3 + 9*y**2 + 9*y + 10. Let c be i(10). Let g be w(c). Suppose -4*m + 48 + 36 = g. What are the prime factors of m?
3, 7
Suppose r - 19 = 93. Suppose -r + 562 = 6*i. Suppose -3*p + i = -42. What are the prime factors of p?
3, 13
Let w = 9 - 12. Let r be 1*2/(-6)*w. Suppose -3 = -j - r. What are the prime factors of j?
2
Let k = 2 - -10. Let z(q) = -3*q**3 - k - 8*q**2 + q**3 + 0*q**3 + 3*q**3 + 5*q. List the prime factors of z(8).
2, 7
What are the prime factors of 15/(-35) + (-7703)/(-7)?
2, 5, 11
Let w be (-2)/4*10 - -4. What are the prime factors of w/4 + 105/4?
2, 13
Suppose -3*c - 3 = 3*r, 3*r - c = 5*r + 5. Suppose -6*t + 142 - 106 = 0. What are the prime factors of 63/t*r/(-3)?
2, 7
Suppose 0 = 2*s + s. Suppose x - 5*x + 684 = s. List the prime factors of x.
3, 19
Suppose -2*m = -8, 5*j = -17*m + 12*m + 6025. What are the prime factors of j?
1201
Suppose -2*w + 4*z = 0, -4*z = -4*w - 1 + 9. Suppose w*t + t = 190. What are the prime factors of t?
2, 19
Suppose -n + 0*n + 8 = 2*v, -5 = v - 4*n. Suppose v*a = 4*a - 87. What are the prime factors of a?
3, 29
Suppose -4*g + 3504 = 5*n + 533, -2372 = -4*n - 2*g. What are the prime factors of n?
3, 197
Suppose 3*j = 5*w - 2*j - 2300, w - 468 = -3*j. What are the prime factors of w?
2, 3, 7, 11
Let h be (0 - 0)*(16 - 15). Suppose -4*f + 8 = -h. Suppose 115 = f*v + 3*l, 6*v - v = 2*l + 240. What are the prime factors of v?
2, 5
Let n be (-16)/(-2)*(63 - 9) - 2. Suppose 12*q = 7*q + n. List the prime factors of q.
2, 43
Let o(x) be the second derivative of x**4/3 + x**3/6 + 3*x**2/2 + 16*x. What are the prime factors of o(-6)?
3, 47
Suppose 0 = -3*p - 577 + 2257. What are the prime factors of p?
2, 5, 7
Let c(j) = 14*j**2 + 5*j - 8. Let t be ((-36)/(-16))/(12/32) + -3. List the prime factors of c(t).
7, 19
Suppose 3*b - 2 = 5*v + 5, -3*b = 3*v - 15. Let m(i) = 6*i**2 + 9*i - 18. List the prime factors of m(b).
2, 3, 19
Suppose -3*z - 90 - 24 = -u, -3*u = 2*z + 87. Let k = 7 - z. What are the prime factors of k?
2, 23
Let a = 0 + 2. Let t(n) = 19*n - 1. List the prime factors of t(a).
37
Let x = 11 + -8. Let t(g) = 8 - x - g**2 + 2*g**2 - 2*g**2 - 9*g. List the prime factors of t(-9).
5
Let m be -2 + (-7)/(-2) + 7/14. List the prime factors of (-2)/m*(2 + -120).
2, 59
Suppose 3*a - 6*a + 6 = 0. Suppose 5*h + 16 = -4, -r - 4 = a*h. Suppose -35 = 5*w - r*x - 306, x = -5*w + 251. List the prime factors of w.
3, 17
Let l(p) be the second derivative of p**3/2 + 59*p**2/2 - 33*p. List the prime factors of l(22).
5
Let o(s) = 12*s + 2 - s**2 - 8*s + 5*s**2. Let b be o(-2). List the prime factors of (-30)/(-12)*28/b.
7
List the prime factors of (0 - 0)/(10/(-5)) - -79.
79
Let c(l) = l**3 - 7*l**2 + 26*l - 3. What are the prime factors of c(8)?
269
Suppose -4*m - 6 = -26. Suppose i = 5, -m*r - 4*i + 16 = -119. List the prime factors of r.
23
Suppose 0*r + 5*r = 5*g - 25, 5*g - 24 = 4*r. Let f be r/(-2*1/48). List the prime factors of 644/f + 3/18.
3
Let r be (-9)/21 - 1592/(-7). Let t = r + -100. What are the prime factors of t?
127
Let y be (9/6)/(2/24). Let g be (-22)/y + 2/9. What are the prime factors of 9 + -9 + (-16)/g?
2
Suppose 5*r + 369 - 54 = 0. Let t be (-248)/(-14) + (-18)/r. Suppose 3*s + 4*c - 62 = -0*s, 0 = -s - 4*c + t. What are the prime factors of s?
2, 11
Let o(z) = 51*z**2 - 11. List the prime factors of o(3).
2, 7
Suppose h - 2094 = 1349. List the prime factors of h.
11, 313
Let i(o) = 29*o**3 + 2*o**2 + 2*o - 1. Let w be i(2). Let d = w + -82. List the prime factors of d.
7, 23
Let s(y) = -y**3 - 6*y**2 - y - 6. Let w be s(-6). Suppose 8*g - 4*g - 516 = w. List the prime factors of g.
3, 43
Suppose 7*s - 2*s = 0. Suppose -5*t = -l + 73, s = -2*l + 5*t - 36 + 157. What are the prime factors of l?
2, 3
Suppose 0 = -4*d + u + 5, 3 = 2*u - 3. Suppose 0*q - i - 31 = -3*q, 0 = d*q + 3*i - 39. List the prime factors of q.
2, 3
Suppose 66*h + 46*h = 524944. What are the prime factors of h?
43, 109
Suppose -2*z - 2*d = -6*d - 18, -4*z - 29 = 5*d. Let v be (-14)/49*(-6 + z). Suppose c + v*c - 4*i - 98 = 0, 2*i - 2 = 0. List the prime factors of c.
2, 17
Suppose -3 = -n + 2. Suppose -n*f + 3*k - 16 = 0, -2*f + k + 0*k = 6. List the prime factors of (54 - f) + 7 + -3.
2, 3, 5
Let j(l) = 16*l + 26. Let w be j(4). Let r = -52 + w. What are the prime factors of r?
2, 19
Let l(k) = 3*k**3 + 29*k**2 + 18*k + 9. List the prime factors of l(-6).
3, 11
Suppose -3*i + 95 + 46 = 0. Suppose -3*j + 2*v + 50 = -23, v + i = 2*j. What are the prime factors of j?
3, 7
Let o = -4 + 9. Suppose 24 = 4*z - 3*h - h, -8 = -3*z + o*h. Let k = 7 + z. List the prime factors of k.
2, 3
Suppose 28 = -3*m + 3*x - x, -5*x + 26 = -2*m. List the prime factors of m/4 - (-74 - 3).
3, 5
Let m(w) = -w**2 - 8*w. Let d be m(-8). Suppose d = 6*p - 460 - 50. What are the prime factors of p?
5, 17
Suppose -3*w = -3*z - 33, -8 + 29 = 2*w - 3*z. Suppose -w*h = -4*h - 2320. List the prime factors of h.
2, 5, 29
Suppose -27 = -5*r - 7. Let c(a) = a**2 - 3*a + 4. Let f(m) = -m. Let i(b) = c(b) - 2*f(b). List the prime factors of i(r).
2
Let o = 11 + -3. Suppose -2*h = -2*m + o, -3*m - h + 5 = -m. Suppose -m*p = -9, -3*z + 0*z = 5*p - 57. List the prime factors of z.
2, 7
Let o = 312 + -169. Suppose 0 = 3*b + 5 - o. What are the prime factors of b?
2, 23
Suppose 0*f = 21*f - 3024. What are the prime factors of f?
2, 3
Let z = 472 + -39. List the prime factors of z.
433
Let v = 463 - 401. List the prime factors of v.
2, 31
Let t be 155/3 - 1/(-3). Suppose 114 = 2*j - t. What are the prime factors of j?
83
Suppose 6*o - 143 = 19*o. List the prime factors of (-151)/(((-11)/(-2))/o).
2, 151
Suppose -d + 978 = 2*d. Let p be ((-90)/24)/(-3)*4. Suppose -3*u - u = -p*z - 283, 5*u + 3*z = d. List the prime factors of u.
67
Suppose 8*v + 1241 - 19057 = 0. What are the prime factors of v?
17, 131
Let n(c) = -5*c - 10. Let j be 1/(-4) + 44/(-16). Let s be n(j). Suppose h - 3*v = 5, -4*h + s*v + 0 = -27. What are the prime factors of h?
2
Suppose -2*l = -0*l + 4*n + 4, -n = l - 1. Suppose 0 = -9*q + 4*q + l*d + 185, -q + 37 = -4*d. List the prime factors of q.
37
Suppose 3 = w + 9. Let y = -10 - w. Let u = 16 - y. What are the prime factors of u?
2, 5
Let t(y) = -9*y**2 + 2*y - 1. Let s be t(1). Let p be (-2 - s/2) + -2. Suppose p = -2*o - 4, 22 - 2 = n + 3*o. List the prime factors of n.
2, 13
Suppose 4 = n - 4*t, -3*n + n - 2*t = -58. Suppose m = 0, 4*p + 6*m = 3*m - n. Let a = 9 + p. List the prime factors of a.
3
Let w(t) = -t**3 + t**2 - t - 5. Let f be w(4). Suppose 0 = -4*x - 4, -7*d + 2*x + 2 = -12*d. Let k = d - f. List the prime factors of k.
3, 19
Suppose -2*z - r = -5055, 8*r - 3*r = -z + 2514. What are the prime factors of z?
3, 281
Let h = -146 - -471. List the prime factors of h.
5, 13
Suppose 2*a + a - 4*h - 19 = 0, -4*h - 4 = 0. Suppose -a*r = 3*b - 78, 0*b + 40 = 2*r - b. What are the prime factors of r?
2, 3
What are the prime factors of 12/18*-3 - -137?
3, 5
Let u be (2 - (2 + -1))*-9. Let l = 8 + u. Let g(z) = -6*z - 1. What are the prime factors of g(l)?
5
List the prime factors of (-9)/54 + (-30457)/(-42).
5, 29
Let x be 0 - 1 - (-20)/2. Suppose -h - 2 = -2*v, -v + 3*h = -2 + 11. List the prime factors of (x/12)/(v/8).
2
Let r(v) = -v**3 + 10*v**2 - 18*v + 18. Let f be r(8). Suppose 4*l + 456 = 4*s, -2*s + 556 = 3*s + f*l. List the prime factors of s.
2, 7
Let t = 10 + -5. Let o be ((-6)/(-4))/(9/24 - 0). Suppose -68 = -o*u + 4*b, t*u + 31 = 4*b + 115. What are the prime factors of u?
2
What are the prime factors of -2 + 48/23 + (-7220)/(-23)?
2, 157
Let d = -143 - -235. Suppose 6*f - d = 4*f + 2*b, f - 46 = 3*b. List the prime factors of f.
2, 23
Suppose k = 3*t - 929 - 512, 4*t - 4*k - 1924 = 0. List the prime factors of t.
2, 3, 5
List the prime factors of 725 + 6/((-30)/5).
2, 181
Suppose 12*y - 102 = 4686. What are the prime factors of y?
3, 7, 19
Let d(s) be the third derivative of s**6/120 + s**5/5 - s**4/6 - 2*s**3/3 - 5*s**2. Let o be d(-12). Let z = o + -19. What are the prime factors of z?
5
Let c(i) = -i**3 + 18*i**2 + 3*i + 56. What are the prime factors of c(15)?
2, 97
Let p(c) = -3*c**3 + c**2 + 7*c - 4. Let l(d) = d**3 - d**2 - d + 1. Let k(a) = 4*l(a) + p(a